*2. Suppose -3*f = 2*f. Give j(f).
6
Suppose -p + 5*p - 20 = 0. Let d(w) = -7*w - 40*w**2 + w**3 - 46*w**2 + 82*w**2. What is d(p)?
-10
Let o(q) = -3*q - 1. Let i(f) = 8*f - 2. Let j be i(1). Suppose p - 10 = j*p. What is o(p)?
5
Let g = 830 + -2489/3. Let z(q) be the third derivative of 0*q + 1/120*q**6 - g*q**3 - 1/24*q**4 + 1/15*q**5 - q**2 + 0. Give z(-3).
10
Let j(l) = -3*l**3 + 3*l**2 - 3*l. Suppose 8*o = -4*r + 4*o - 8, -18 = -5*r + 2*o. Give j(r).
-18
Let w = 32 - 30. Let k(b) = 3*b**w - 1 + 4 - 2*b**3 - 2*b - 2. Determine k(2).
-7
Let m(x) = x**3 + 2*x**2 - 2*x + 3. Let p be m(0). Let i(r) be the first derivative of -r**2 - 2*r + 2. Give i(p).
-8
Let s(i) be the third derivative of 0*i + 0 + 1/360*i**6 + 3/40*i**5 + 2*i**2 + 1/6*i**4 + 0*i**3. Let q(b) be the second derivative of s(b). Calculate q(-6).
-3
Let a(c) = -c + 15. Let d(b) = -3*b + 78. Let r be d(22). Determine a(r).
3
Let y be (-1)/((0 - 2)/22). Let a(p) = 9*p + 5. Let j(h) = -25*h - 14. Let q(w) = y*a(w) + 4*j(w). What is q(-2)?
1
Let i(n) be the third derivative of n**4/6 - 2*n**3 + 44*n**2. Give i(10).
28
Let j = 0 + 10. Let u(y) = j*y - 2 + 2*y**3 - 11*y + y**2 - y**3. Calculate u(2).
8
Let u(z) = 7 - 9*z**3 + 8*z**3 - 2*z + 22*z**2 - 5*z**2 - z - 12*z**2. Give u(5).
-8
Let d(u) = 3*u + 7. Let x(t) = t**3 + 2*t**2 - 3*t - 5. Let w = 5 - -15. Suppose -5*y + 7 = -5*b + 2, -5*b = w. Let s be x(y). Determine d(s).
-8
Let f(p) be the third derivative of 1/12*p**4 + 0*p + 18*p**2 + 0 + 0*p**3. Determine f(2).
4
Let n = -107 + 99. Let q(h) = -h**3 - 8*h**2 - h + 9. Calculate q(n).
17
Suppose 0 = 5*k - 4 - 6. Let j(l) be the second derivative of 0 + 3/2*l**2 + k*l + 2/3*l**3. Determine j(-2).
-5
Let f(m) = m**2 + m. Let z(l) = 2*l + 0*l**2 - 3*l**2 + 6*l**2. Let g(d) = -4*f(d) + z(d). Determine g(-3).
-3
Let l(q) = -7 + q**2 + 2*q**3 - 7*q**2 - q**3. Let p be (8/(-1))/(228/(-171)). Calculate l(p).
-7
Suppose 20*y = 2*y + 162. Let q(c) = -c + 3. Determine q(y).
-6
Suppose 4*i + 20 = 9*i. Suppose 2*h - 8 = -2*h. Let u(f) = 5 + i*f**3 - 3*f**3 + 2*f**h + f - 7*f**2 - 3*f. Give u(5).
-5
Suppose -4 = 4*d + 28. Let m = d + 3. Let u(h) = -5 + 10 + 13*h - 23*h + 11*h. Calculate u(m).
0
Let h(v) = -v + 12. Let j = -31 - -26. Let d be (-20)/(-25) + (-26)/j. Give h(d).
6
Let g(k) = 6*k**3 + k - 2*k**2 + 8*k**3 - k**3. Let b(i) = -4*i + 55. Let q be b(8). Let x = -22 + q. Calculate g(x).
12
Let w(g) be the first derivative of -g**3/3 + 3*g**2/2 - g - 1. Let a(t) = -t + 2. Let l be a(-1). Suppose 11 = i + 2*z, i - l*i - z = -13. Calculate w(i).
-11
Let m(x) = -4*x**2 - x - 2. Let k(a) = -a - 21. Let h be k(-19). What is m(h)?
-16
Let w(a) = -199*a + a**2 + 1 + 399*a - 205*a. Calculate w(6).
7
Let s(i) = -35*i - 1. Let o(d) = -d**3 - 31*d**2 - 26*d + 119. Let x be o(-30). What is s(x)?
34
Let q(w) = 3*w + 12. Let z(v) = 1. Let k(u) = q(u) + 6*z(u). What is k(-7)?
-3
Let n(m) = -22*m**3 + 7 + 1 + 11 + 5 + 2*m - 2*m**2 - 25. Determine n(1).
-23
Let z(u) = -u**3 + 4*u**2 - 2*u - 3. Let h(m) = 9*m + 12. Suppose -5*f = 2*y - 5, 3*f + 0*y = -4*y + 17. Let p be h(f). What is z(p)?
0
Let m be (-1)/2 + 9/(-2). Let r(y) be the third derivative of -y**6/120 - y**5/12 - y**4/24 - y**3/6 - 120*y**2 + 3. Determine r(m).
4
Let p = -17 + 18. Let z be (0 - -3) + p + 8. Let a(f) = f**2 - 3 - 6*f - 7*f**2 + z*f**3 - 13*f**3. Calculate a(-5).
2
Let w(f) be the second derivative of -f**4/4 - f**3/6 - 3*f**2 - 9*f. Let o(s) = -4*s**2 - 2*s - 6. Let x(g) = 4*o(g) - 5*w(g). Determine x(-5).
-4
Let s(h) = -3*h**3 + 5*h**2 - 5*h - 7. Let i(c) = 7*c**3 - 12*c**2 + 11*c + 16. Let a(d) = -4*i(d) - 9*s(d). Let l = 9 + -6. Calculate a(l).
2
Let j(q) = -q + 8. Let i be j(6). Let t(o) = o - 7. Let w(a) = -5*a + 34. Let d(l) = i*w(l) + 11*t(l). Suppose 0 = 5*h + 20, 2*h = -v + h. Determine d(v).
-5
Let s(x) = x**2 - 10*x + 3. Let d be 7 - 2*(-2 - -3). Suppose -2*n - 3*o = -6 - 3, 3*o + 54 = d*n. What is s(n)?
-6
Let g(f) = -4*f**3 - f + 3. Let o(s) = -2110*s**3 + 2109*s**3 + 2*s - s - s**2. Suppose 0 = 4*q - 9*q + 5. Let l(x) = q*g(x) - 5*o(x). Calculate l(-6).
3
Let t(u) = -u + 3. Let w(o) = -o**2 - 7*o - 7. Let a be w(-6). Suppose -4*c = 22 + 10. Let y be a/(2/c) - -2. What is t(y)?
-3
Let k(b) = 2*b + 31. Let z(p) = p + 16. Let o(a) = 6*k(a) - 11*z(a). Determine o(-7).
3
Let u(d) be the second derivative of -d**5/20 - d**4/3 + 2*d**3/3 - 4*d**2 - 228*d. Determine u(-5).
-3
Let b(j) = 5*j + 2. Let t(z) = -z**3 + 4*z**2 + 6*z - 3. Let v be t(4). Let m = -19 + v. Suppose 4*x + m = 2*u, -x + 4*u = -3*x + 24. Calculate b(x).
12
Suppose 0 = 4*q - 18 - 2. Let f(r) be the second derivative of r**5/20 - r**4/2 + 2*r**3/3 + 2*r**2 - 82*r. Determine f(q).
-1
Let y(o) = 19*o**2 + 1. Let g = 107 - 102. Suppose 4*z + 14 = b + b, 0 = -g*z + 4*b - 25. Give y(z).
20
Let l(u) = -17*u + 3. Let d(a) = -67*a + 13. Let r(s) = -2*d(s) + 9*l(s). Suppose 0 = 2*t + 20 - 22. What is r(t)?
-18
Let t(y) be the second derivative of -7*y**3/6 + y**2/2 + y. Suppose -3*o - 5*a = -2, -2*a - a = 2*o - 1. Calculate t(o).
8
Let t(n) = -n**2 - 8*n + 6. Let v be t(-8). Let b(j) = -9*j + 3. Let r(k) = -4*k + 1. Let a(x) = v*b(x) - 15*r(x). Determine a(-2).
-9
Suppose 12*c = 26*c - 126. Let u(i) = i**2 - 9*i + 12. Give u(c).
12
Let w(a) = 8*a**2 + 20*a + 4. Let c(t) = -3*t**2 - 9*t - 2. Let m(d) = 5*c(d) + 2*w(d). Determine m(4).
-6
Let g = 49 - 44. Let t(s) be the third derivative of -s**6/120 + s**5/15 + 7*s**4/24 - s**3/3 + s**2. Calculate t(g).
8
Let r(b) = -13*b + 2. Let f(i) = i + 93. Let z be f(-27). Suppose 64*l + 4 = z*l. Determine r(l).
-24
Let u(t) = 18*t - 1. Suppose 0 = -j - 133 + 134. What is u(j)?
17
Let d(h) be the first derivative of -10*h**3/3 + h**2/2 - 1. Let u(i) = -4*i - 25. Let r be u(-7). Suppose r*f - 6 = -3*f. Determine d(f).
-9
Let q be (60/(-105))/(4/(-14)). Let d(x) = 5*x**2 - 2*x + 1. What is d(q)?
17
Let w(n) = -n**2 - 5*n. Suppose 10*f - 5*f + 20 = 0. Let c(s) be the first derivative of -s**4/4 - s**3 + 3*s**2 + 3*s + 5. Let b be c(f). Give w(b).
0
Let v = 231 - 233. Let z(r) = 9*r - 2. Calculate z(v).
-20
Let k(c) be the first derivative of c**4/4 - 2*c**3/3 - c**2 + c - 91. Give k(2).
-3
Let n(x) = 5*x - 29. Let j be n(4). Let g(p) = -3*p - 12. Calculate g(j).
15
Let y(v) be the third derivative of v**6/120 - v**5/10 + v**4/4 + v**3/6 + 2*v**2 + 34*v. Calculate y(5).
6
Suppose -8*g = 11 - 27. Let l(y) = -6*y**3 + y + 7*y**3 + 7*y**2 - 9*y**g. Calculate l(2).
2
Let y(q) = -q**2 + 10*q - 4. Suppose 7*n = 3*n - 5*g + 15, 5*n - 45 = -g. Calculate y(n).
-4
Let k(m) = -31*m**2 + m**3 + m - 28*m**2 + 63*m**2. Give k(-3).
6
Let y(z) = z**2 - z - 2. Let p be y(3). Suppose -14 = -3*d + 3*o - 4*o, 0 = d + 5*o. Let x(i) = 3*i**2 + 2*i**3 - 3*i**3 - d*i**3 + 3*i + 5*i**3. What is x(p)?
-4
Let f(h) = h + 4. Let o be f(-4). Suppose o = -5*r + r + 12. Let v(s) = -r*s**3 - 1 - 3*s**3 - s + s**2 + 6*s**3 - s**3. Calculate v(0).
-1
Let s(p) = p**2 - 4*p - 4. Let m be s(6). Let g = -6 + m. Let q(n) = -n**2 + 7*n**g - 7 - 8*n - 7*n**2. Give q(-5).
8
Let h(c) = -357*c - c**2 + c**3 + 3 + 177*c + 0*c**2 + 178*c. Give h(-2).
-5
Suppose 24*f - 152 = -56. Let v(j) = j**2 + 7*j - 2. Let l be v(-7). Let m(u) = 3*u + 23. Let p(n) = n + 11. Let a(z) = l*m(z) + 5*p(z). Determine a(f).
5
Let b = -26 + 25. Let u(n) = 29*n. Give u(b).
-29
Let n(j) = 2*j**2 - 8*j + 4. Let a be n(6). Let i be 26/(-7) - 8/a. Let y(q) = -5*q + 6*q + 2*q + q**2 + 4. Calculate y(i).
8
Let g(a) = 274*a + 0 - 3 - 151*a - 145*a. Determine g(-2).
41
Suppose 2 = 5*l - 8. Suppose -l*s = 7 + 5. Let h(k) = -k**2 - 8*k + 1. What is h(s)?
13
Let u(z) = -11*z**3 - z**2 - z. Let j(g) be the second derivative of g**5/20 + 13*g**4/12 + g**3/6 + 6*g**2 - 29*g. Let p be j(-13). Calculate u(p).
11
Suppose 3*s + 11 = i, -2*i + 5*s + 29 = -3*i. Let b(y) be the first derivative of 3*y**2/2 - 2*y - 230. What is b(i)?
-14
Suppose 0 = -2*w + k + 4, 4*w + k - 5 + 9 = 0. Let r(i) = 0 - i + 2*i - 6. Calculate r(w).
-6
Let m(p) = 8*p - 37. Let y be m(18). Let b = y - 103. Let a(u) = 2*u**2 - 6*u + 4. What is a(b)?
12
Let l(g) = -4*g + 27. Let n(c) = -2*c + 15. Let t(p) = 2*l(p) - 5*n(p). What is t(5)?
-11
Let s(h) = 3*h + 2. Let y(a) = -15*a - 11. Let k(i) = 11*s(i) + 2*y(i). Let v = 2 - 2. Suppose v = -p